 50. Determine i(-10).
-30
Let x(u) = u**2 - u - 7. Determine x(0).
-7
Let a(r) = r**2 - 4*r - 44. Give a(9).
1
Let z(a) = 2*a**2 + 19*a + 17. Give z(-8).
-7
Let a(w) = -7*w**3 + 5*w**2 + 3*w + 1. Give a(-2).
71
Let b(m) = -3*m + 110. Determine b(38).
-4
Let y(p) = -p**3 - 11*p**2 - 13*p - 7. What is y(-9)?
-52
Let t(p) = p**3 + 9*p**2 - 7*p + 12. Determine t(-10).
-18
Let b(d) = d**2 + 11*d + 12. Give b(-12).
24
Let u(i) = -i**3 - 28*i**2 + 55. What is u(-28)?
55
Let v(s) = -s**2 - 11*s + 32. Calculate v(-13).
6
Let j(o) = o**3 - 7*o**2 + 13*o - 45. What is j(8)?
123
Let y(k) = -4*k + 14. Give y(3).
2
Let v(i) = -i + 15. What is v(8)?
7
Let m(w) = 5*w + 1. Give m(8).
41
Let g(u) = -u**3 + u - 2. Give g(-2).
4
Let s(c) = -6*c**3 + 3*c**2 - 4*c + 2. Determine s(2).
-42
Let v(k) = -k + 2. What is v(-5)?
7
Let m(i) = i**3 + i**2 - 2*i + 1. Determine m(-2).
1
Let x(j) = -j**3 + 8*j**2 - 11*j + 6. Calculate x(7).
-22
Let v(y) = -54*y**3 + 2*y**2 + 3*y + 2. Determine v(-1).
55
Let a(w) = -3*w**2. Give a(-1).
-3
Let d(u) = u + 8. Give d(-13).
-5
Let a(d) = -20*d + 258. Give a(14).
-22
Let r(i) = i**3 - 73*i**2 - 150*i - 6. Calculate r(75).
-6
Let u(i) = -i**3 + 11*i**2 - 13*i + 19. Calculate u(9).
64
Let b(c) = c**2 - 11*c + 24. What is b(5)?
-6
Let r(o) = -o**3 + 2*o**2 - 4*o + 2. What is r(4)?
-46
Let l(d) = -2*d**2 + 29*d + 133. What is l(18)?
7
Let v(r) = -r**3 + 5*r**2 + 25*r - 9. What is v(8)?
-1
Let q(g) = 22*g**2 + 3*g - 3. What is q(1)?
22
Let m(i) = -7*i**2 + i - 1. Determine m(-2).
-31
Let r(a) = -11*a - 2. Calculate r(2).
-24
Let b(v) = -31*v + 72. Determine b(2).
10
Let n(c) = 7*c**2 + 5*c + 10. Determine n(-2).
28
Let o(p) = 3*p + 11. Give o(3).
20
Let h(u) = -u**3 + 14*u**2 + 17*u - 16. Calculate h(15).
14
Let b(k) = -7*k**2 + 5*k + 5. Determine b(-1).
-7
Let j(b) = b**3 + 7*b**2 + 5*b - 2. Give j(-3).
19
Let k(d) = -d - 24. Give k(-25).
1
Let s(k) = -k**3 + 35*k**2 - 36*k + 84. Give s(34).
16
Let h(t) = -4*t + 14. Determine h(7).
-14
Let n(q) = -q**2 + 31*q + 22. Give n(29).
80
Let u(g) = g**3 - 37. Calculate u(0).
-37
Let s(n) = -4*n**2 + 6*n + 2. Determine s(5).
-68
Let g(s) = 8*s - 44. Give g(6).
4
Let v(a) = a**3 - 6*a**2 + 7*a. What is v(5)?
10
Let x(b) = b + 2. Calculate x(-6).
-4
Let k(a) = a**3 - 9*a**2 - a - 20. Calculate k(10).
70
Let y(v) = 2*v**2 - v - 7. Calculate y(3).
8
Let j(r) = r**2 - 15*r + 51. Calculate j(12).
15
Let s(g) = 20*g**3 + g**2 - 3. Determine s(-2).
-159
Let n(a) = 4*a + 16. Calculate n(-6).
-8
Let k(q) = q**2 - 5*q - 3. What is k(3)?
-9
Let w(v) = -v**2 + 11*v + 13. Give w(12).
1
Let k(h) = h**2 - 2*h - 9. Determine k(0).
-9
Let m(j) = 3*j**2 + 28*j - 14. Determine m(-10).
6
Let n(h) = -2*h**2 + 10*h + 8. Determine n(6).
-4
Let s(i) = 2*i. Calculate s(-3).
-6
Let w(k) = 2*k**3 + 4*k**2 - 20*k - 6. Calculate w(3).
24
Let m(g) = g**2 - g + 7. Calculate m(6).
37
Let w(x) = 7*x + 22. Determine w(-4).
-6
Let p(y) = -8*y + 75. What is p(9)?
3
Let u(t) = t**2 - t - 16. What is u(0)?
-16
Let g(l) = -l**3 - 34*l**2 + 71*l - 53. Give g(-36).
-17
Let f(m) = m**3 + 8*m**2 + 4*m - 4. What is f(-7)?
17
Let h(d) = d**3 - 7*d**2 - 8*d. What is h(8)?
0
Let l(w) = 3*w - 46. Give l(15).
-1
Let t(c) = c**3 - 2*c - 3. Determine t(-2).
-7
Let h(j) = 8*j + 9. Give h(3).
33
Let r(v) = -v**3 + 8*v**2 - 9*v + 8. Determine r(7).
-6
Let z(m) = -2*m**2 - 13*m - 8. Calculate z(-9).
-53
Let f(c) = -3*c**2 + 66*c + 69. Determine f(23).
0
Let t(r) = -2*r + 34. Determine t(18).
-2
Let c(a) = -2*a**3 + 2*a**2 - a - 8. Calculate c(3).
-47
Let d(s) = -13*s + 9. Give d(0).
9
Let b(l) = -5*l + 64. Calculate b(22).
-46
Let f(x) = 50*x**3 + x**2 - x + 1. Give f(1).
51
Let w(k) = 2*k - 11. Calculate w(8).
5
Let p(a) = -a**2 - 11*a + 15. What is p(-13)?
-11
Let y(v) = -v**2 + 24*v - 28. What is y(23)?
-5
Let c(r) = r + 7. Determine c(-7).
0
Let v(o) = o**2 + 10*o + 16. Determine v(-4).
-8
Let h(r) = 8*r**2 - 6*r + 5. Determine h(1).
7
Let s(n) = -n**3 + 6*n**2 - 6*n. Determine s(5).
-5
Let j(g) = -56*g + 281. What is j(5)?
1
Let w(i) = 2*i - 35. Calculate w(12).
-11
Let h(a) = a**2 + 2*a - 1. What is h(2)?
7
Let v(p) = -p**2 - 18*p - 60. Determine v(-5).
5
Let s(i) = -4*i + 1. Calculate s(2).
-7
Let u(n) = n**2 + 46*n + 200. Determine u(-41).
-5
Let z(w) = 2*w**2 + 25*w + 72. Determine z(-5).
-3
Let n(y) = -y**3 - 11*y**2 + 11*y - 14. Calculate n(-12).
-2
Let t(p) = -2*p**3 + p**2 + 5*p - 7. Give t(3).
-37
Let b(u) = 14*u + 104. Determine b(-7).
6
Let p(q) = -q**2 + 10*q + 4. Give p(8).
20
Let r(j) = -2*j**2 + 41*j - 10. Determine r(19).
47
Let d(u) = u**3 + 2*u**2 - 7*u + 9. Determine d(-4).
5
Let b(l) = -l**2 - 16*l + 41. Give b(-21).
-64
Let j(p) = 15*p**3 - p**2. What is j(1)?
14
Let z(c) = c**3 + 4*c**2 - 3*c + 9. What is z(-5)?
-1
Let b(c) = -2*c**2 - 14*c + 4. Give b(-7).
4
Let o(z) = -2*z**2 + 8*z. Calculate o(6).
-24
Let i(d) = 6*d + 44. Give i(-10).
-16
Let p(d) = -d**3 + 8*d**2 + d + 11. Give p(8).
19
Let p(h) = 4*h - 3. Calculate p(-15).
-63
Let y(a) = a**3 - 9*a**2 + 17*a - 4. Calculate y(7).
17
Let a(j) = -j**2 - 2*j + 32. What is a(-8)?
-16
Let r(y) = y**2 - 15*y + 51. What is r(10)?
1
Let v(i) = -i**2 + 17. Determine v(0).
17
Let r(s) = -s**3 - 2*s**2 + s - 1. What is r(-2)?
-3
Let k(o) = -o**3 - 5*o**2 + 6. Calculate k(-4).
-10
Let b(t) = -10*t**2. Determine b(1).
-10
Let b(o) = 13*o + 287. What is b(-21)?
14
Let b(u) = -u + 18. Give b(20).
-2
Let x(k) = 4*k**2 - 49*k + 149. Determine x(5).
4
Let h(c) = -2*c**2 + c + 7. What is h(-3)?
-14
Let y(f) = 9*f - 63. Give y(8).
9
Let a(m) = -4*m + 47. Calculate a(10).
7
Let l(p) = -3*p**2 - 3*p - 2. Determine l(-3).
-20
Let i(c) = -c**2 + 3*c + 6. Determine i(8).
-34
Let w(m) = -14*m - 10. Calculate w(-1).
4
Let u(a) = 3*a + 3. Calculate u(-9).
-24
Let c(d) = -5*d + 42. What is c(-10)?
92
Let i(q) = q**2 - q + 1. Determine i(4).
13
Let t(i) = i**3 + 15*i**2 - 15*i + 14. What is t(-16)?
-2
Let t(p) = 2*p**2 + 8*p - 8. Determine t(-4).
-8
Let y(z) = -z**3 + 2*z**2 + 4. Give y(0).
4
Let r(k) = 3*k - 29. Give r(-12).
-65
Let q(v) = v**3 + 11*v**2 + 2*v - 2. Determine q(-3).
64
Let r(l) = l**3 - 18*l**2 - 18*l - 8. Calculate r(19).
11
Let y(f) = -f**2 + 60*f + 471. Calculate y(-7).
2
Let u(g) = -g - 4. Give u(-2).
-2
Let b(k) = -k**2 + k - 22. Determine b(0).
-22
Let z(x) = 9*x + 119. Determine z(-13).
2
Let u(v) = -v**2 + 12*v + 87. Determine u(-5).
2
Let f(u) = u + 1. Calculate f(18).
19
Let f(g) = 33*g + 1. What is f(1)?
34
Let t(k) = -k**2 + 4*k - 4. Determine t(4).
-4
Let l(d) = 20*d + 22. Give l(-2).
-18
Let k(i) = -i**3 - 8*i**2 - 8*i + 10. Give k(-7).
17
Let y(d) = -14*d - 6. Give y(-2).
22
Let j(l) = -l**3 + 10*l**2 - 41*l + 417. Give j(10).
7
Let q(m) = -8*m - 39. What is q(-9)?
33
Let s(l) = -l**2 + 29*l - 165. What is s(21)?
3
Let b(z) = -2*z - 6. Determine b(11).
-28
Let b(u) = u - 5. Determine b(-3).
-8
Let y(z) = z**2 - 6*z + 10. Give y(2).
2
Let k(a) = 2*a**2 + 10*a + 7. What is k(-7)?
35
Let p(g) = g**3 + 3*g**2 - 7*g - 4. Give p(-5).
-19
Let o(t) = 34*t + 167. Calculate o(-5).
-3
Let a(i) = -i**3 + 12*i**2 - 11*i - 3. Calculate a(11).
-3
Let c(y) = -11*y - 48. Calculate c(-10).
62
Let i(z) = -24*z + 668. What is i(28)?
-4
Let g(c) = -c**3 + 16*c**2 - 26*c - 10. Give g(14).
18
Let d(z) = -z**3 + z**2 + 3*z + 9. What is d(5)?
-76
Let z(l) = l**2 - 12*l - 8. Give z(10).
-28
Let t(l) = l**2 - 17*l + 37. What is t(15)?
7
Let k(v) = 3*v + 26. Calculate k(-14).
-16
Let h(g) = g**3 + 33*g**2 + 92*g + 63. Give h(-30).
3
Let l(d) = -d**3 - 3*d**2 + d - 40. Give l(-5).
5
Let k(u) = -2*u + 6. Give k(7).
-8
Let k(x) = -x**2 + 19*x - 77. Calculate k(7).
7
Let m(c) = -c**2 + 53*c - 241. Calculate m(48).
-1
Let f(r) = -r**3 + 5*r**2 + 2*r - 5. Give f(0).
-5
Let m(t) = t**3 - 2*t**2 - t + 3. What is m(4)?
31
Let h(q) = -q**3 - 4*q**2 - 6*q - 26. Calculate h(-4).
-2
Let m(o) = o - 4. Calculate m(11).
7
Let m(c) = c**3 - 3*c**2 - c + 3. Determine m(2).
-3
Let m(j) = -j**2 - j - 5. What is m(0)?
-5
Let o(t) = -t + 41. Determine o(-5).
46
Let a(c) = c**3 - 8*c**2 - 13. Determine a(8).
-13
Let p(z) = -6*z - 34. Determine p(-6).
2
Let a(c) = c**2 - 21*c + 19. Calculate a(19).
-19
Let c(g) = -14*g - 60. Calculate c(-4).
-4
Let n(m) = 10*m**3 + 7*m - 8. Give n(1).
9
Let y(p) = -p**3 + 7*p**2 -